{"id":4572,"date":"2020-12-19T22:34:58","date_gmt":"2020-12-19T22:34:58","guid":{"rendered":"http:\/\/ramangwana.de\/?page_id=4572"},"modified":"2024-04-03T18:52:59","modified_gmt":"2024-04-03T18:52:59","slug":"ramangwana-abeni-africana","status":"publish","type":"page","link":"https:\/\/ramangwana.de\/?page_id=4572","title":{"rendered":"Ramangwana Abeni Africana"},"content":{"rendered":"<p>[vc_row css=&#8220;.vc_custom_1583427392083{margin-right: 50px !important;margin-left: 50px !important;}&#8220;][vc_column width=&#8220;1\/2&#8243;][vc_single_image image=&#8220;4676&#8243; img_size=&#8220;1000&#215;1200&#8243; style=&#8220;vc_box_shadow&#8220;][vc_single_image image=&#8220;17&#8243; img_size=&#8220;Large&#8220; style=&#8220;vc_box_shadow&#8220;][\/vc_column][vc_column width=&#8220;1\/2&#8243;][vc_column_text css=&#8220;.vc_custom_1712169854361{margin-right: 50px !important;}&#8220;]<\/p>\n<h2 style=\"text-align: center;\"><\/h2>\n<h2 style=\"text-align: center;\"><strong>Ramangwana Abeni Africana<\/strong><strong><\/strong><\/h2>\n<ul>\n<li><strong>Geboren:<\/strong> 30.04.2020\n<ul>\n<li>Vater: Nyangoma African Harvey<\/li>\n<li>Mutter: Makaranga Orisha Africana<\/li>\n<\/ul>\n<\/li>\n<li><strong>Z\u00fcchter:<\/strong> Philipp Marian Ehrich (geb. Sendker)<\/li>\n<li>B<strong>esitzer:<\/strong> Denise Ehrich und Philipp Ehrich<strong><\/strong><\/li>\n<li><strong>Gr\u00f6\u00dfe:<\/strong> 64 cm<\/li>\n<li><strong>HD:<\/strong> A1<\/li>\n<li><strong>ED:<\/strong> 0<\/li>\n<li><strong>OCD:<\/strong> frei<\/li>\n<li><strong>Lumbusakraler \u00dcbergangswirbel:<\/strong> frei<\/li>\n<li><strong>B-Lokus: N\/bc (Livernose Gen-Tr\u00e4ger)<\/strong><\/li>\n<li><strong>D-Lokus:<\/strong> D\/D reinerbig gesund<\/li>\n<li><strong>Degenerative Myelopathie (DM):<\/strong> N\/N reinerbig gesund<\/li>\n<li><strong>H\u00e4mophilie-B:<\/strong> N\/N reinerbig gesund<\/li>\n<li><b>Juvenile Myoklonische Epilepsie: (JME)<\/b> N\/N reinerbig gesund<\/li>\n<\/ul>\n<p>Abeni hat am 03.07.2022 die Zuchtzulassungspr\u00fcfung der DZRR bestanden.[\/vc_column_text][\/vc_column][\/vc_row][vc_row css=&#8220;.vc_custom_1583427494305{margin-right: 50px !important;margin-left: 50px !important;}&#8220;][vc_column width=&#8220;1\/6&#8243;][\/vc_column][vc_column width=&#8220;2\/3&#8243;][vc_empty_space][vc_column_text]<\/p>\n<h2 style=\"text-align: center;\"><strong>\u00dcber Abeni<\/strong><\/h2>\n<p style=\"text-align: center;\">Unsere Abeni stammt mit ihren 6 Geschwistern aus unserem ersten Wurf.<\/p>\n<p style=\"text-align: center;\">Die kleine \u201eMopsi\u201c \u2013 Sie war die schwerste aus dem Wurf \u2013 hat sich\u00a0 zu einer tollen H\u00fcndin entwickelt. Der zuckers\u00fc\u00dfe Babyspeck wich der Eleganz &#8211; Vom kleinen Raufbold wurde sie zu einer waschechten Ridgeback-Diva, die ihre Mutter und uns mit ihrem Temperament und unendlichen Power das Leben nicht immer einfach macht.<\/p>\n<p style=\"text-align: center;\">Abeni hat ein st\u00fcrmisches aber sehr liebevolles Wesen. Sie m\u00f6chte alles entdecken und kennt keine Furcht. Am liebsten flitzt sie durch die W\u00e4lder, \u00fcber Felder und \u00fcber alle B\u00e4ume, l\u00e4sst jedoch \u2013 wie ihre Mama &#8211; gerne die Pf\u00fctzen aus . Und danach l\u00e4d sie ihre Akkus mit allen anderen Rudelmitgliedern auf dem Sofa auf.<\/p>\n<p style=\"text-align: center;\">Aber Abeni kann einiges mehr: Abeni hat den will-to-please von ihrer Mama \u00fcbernommen und arbeitet vorbildlich mit uns: In jungen Jahren hat Abeni sich Abeni vieles angesehen: Cavalettis, Schn\u00fcffelspiele und Agidience (Kombination aus Ralley Obidience und Agility) geh\u00f6rten zu ihren Aufgaben.<\/p>\n<p>Aktuell hat es mich und Abeni in den sportlichen Bereich des Agility verschlagen, da es uns sehr viel Freude bereitet und Abeni mit ihrer Power, ihrem Bewegungsdrang und ihrem Geschick super f\u00f6rdert. (Aufgrund der Wurfplanung legen wir hier nun eine Pause ein).<\/p>\n<p>Wir werden uns nun wieder mehr dem ruhigeren Wandern widmen. \ud83d\ude42<\/p>\n<p style=\"text-align: center;\">Auch den jagdlichen Bereich der Nachsuche lernt Abeni kennen.<\/p>\n<p style=\"text-align: center;\">Wir sind jetzt schon sehr stolz auf ihre tolle Entwicklung!<\/p>\n<p>[\/vc_column_text][\/vc_column][vc_column width=&#8220;1\/6&#8243;][\/vc_column][\/vc_row][vc_row css=&#8220;.vc_custom_1583425386947{margin-right: 50px !important;margin-left: 50px !important;}&#8220;][vc_column width=&#8220;1\/3&#8243;][vc_text_separator title=&#8220;Makaranga Orisha Africana&#8220; color=&#8220;black&#8220;][vc_single_image image=&#8220;4269&#8243; img_size=&#8220;300&#215;220&#8243; alignment=&#8220;center&#8220;][\/vc_column][vc_column width=&#8220;1\/3&#8243;][vc_text_separator title=&#8220;Nyangoma African Harvey&#8220; color=&#8220;black&#8220;][vc_single_image image=&#8220;4413&#8243; img_size=&#8220;300&#215;220&#8243; alignment=&#8220;center&#8220;][\/vc_column][vc_column width=&#8220;1\/3&#8243;][vc_text_separator title=&#8220;Pedigree&#8220; color=&#8220;black&#8220; css=&#8220;.vc_custom_1583425162923{margin-right: 50px !important;}&#8220;][vc_single_image image=&#8220;4697&#8243; img_size=&#8220;300*220&#8243; alignment=&#8220;center&#8220; onclick=&#8220;link_image&#8220;][\/vc_column][\/vc_row][vc_row][vc_column][vc_gallery interval=&#8220;10&#8243; images=&#8220;4576,4578,4579,4581,4582,4611,4643,4671,4672,4673,4674,4679,4680,4681,4678&#8243; img_size=&#8220;600*600&#8243; css=&#8220;.vc_custom_1608475866635{margin-right: 50px !important;margin-left: 50px !important;}&#8220;][\/vc_column][\/vc_row]<\/p>\n","protected":false},"excerpt":{"rendered":"<p>[vc_row css=&#8220;.vc_custom_1583427392083{margin-right: 50px !important;margin-left: 50px !important;}&#8220;][vc_column width=&#8220;1\/2&#8243;][vc_single_image image=&#8220;4676&#8243; img_size=&#8220;1000&#215;1200&#8243; style=&#8220;vc_box_shadow&#8220;][vc_single_image image=&#8220;17&#8243; img_size=&#8220;Large&#8220; style=&#8220;vc_box_shadow&#8220;][\/vc_column][vc_column width=&#8220;1\/2&#8243;][vc_column_text css=&#8220;.vc_custom_1712169854361{margin-right: 50px !important;}&#8220;] Ramangwana Abeni Africana Geboren: 30.04.2020 Vater: Nyangoma African Harvey Mutter: Makaranga Orisha Africana Z\u00fcchter: Philipp Marian Ehrich (geb. Sendker) Besitzer: Denise Ehrich und Philipp Ehrich Gr\u00f6\u00dfe: 64 cm HD: A1 ED: 0 OCD: [&hellip;]<\/p>\n","protected":false},"author":1,"featured_media":0,"parent":7,"menu_order":2,"comment_status":"closed","ping_status":"closed","template":"page-templates\/template-pagebuilder-full-width.php","meta":{"footnotes":""},"class_list":["post-4572","page","type-page","status-publish","hentry"],"_links":{"self":[{"href":"https:\/\/ramangwana.de\/index.php?rest_route=\/wp\/v2\/pages\/4572"}],"collection":[{"href":"https:\/\/ramangwana.de\/index.php?rest_route=\/wp\/v2\/pages"}],"about":[{"href":"https:\/\/ramangwana.de\/index.php?rest_route=\/wp\/v2\/types\/page"}],"author":[{"embeddable":true,"href":"https:\/\/ramangwana.de\/index.php?rest_route=\/wp\/v2\/users\/1"}],"replies":[{"embeddable":true,"href":"https:\/\/ramangwana.de\/index.php?rest_route=%2Fwp%2Fv2%2Fcomments&post=4572"}],"version-history":[{"count":17,"href":"https:\/\/ramangwana.de\/index.php?rest_route=\/wp\/v2\/pages\/4572\/revisions"}],"predecessor-version":[{"id":4782,"href":"https:\/\/ramangwana.de\/index.php?rest_route=\/wp\/v2\/pages\/4572\/revisions\/4782"}],"up":[{"embeddable":true,"href":"https:\/\/ramangwana.de\/index.php?rest_route=\/wp\/v2\/pages\/7"}],"wp:attachment":[{"href":"https:\/\/ramangwana.de\/index.php?rest_route=%2Fwp%2Fv2%2Fmedia&parent=4572"}],"curies":[{"name":"wp","href":"https:\/\/api.w.org\/{rel}","templated":true}]}}